{"id":7171,"date":"2023-04-03T13:00:04","date_gmt":"2023-04-03T13:00:04","guid":{"rendered":"https:\/\/tecnologia.vamtam.com\/?page_id=7171"},"modified":"2024-06-05T09:30:03","modified_gmt":"2024-06-05T09:30:03","slug":"robotor","status":"publish","type":"page","link":"https:\/\/litix2.devworks.it\/?page_id=7171","title":{"rendered":"Robotor"},"content":{"rendered":"\t\t<div data-elementor-type=\"wp-page\" data-elementor-id=\"7171\" class=\"elementor elementor-7171\" data-elementor-post-type=\"page\">\n\t\t\t\t\t\t\t\t\t<section class=\"elementor-section elementor-top-section elementor-element elementor-element-16b92e18 elementor-section-items-stretch elementor-section-content-bottom elementor-section-height-min-height elementor-section-boxed elementor-section-height-default\" data-id=\"16b92e18\" data-element_type=\"section\">\n\t\t\t\t\t\t<div class=\"elementor-container elementor-column-gap-no\">\n\t\t\t\t\t<div class=\"elementor-column elementor-col-50 elementor-top-column elementor-element elementor-element-28c53cc8\" data-id=\"28c53cc8\" data-element_type=\"column\" data-settings=\"{&quot;background_background&quot;:&quot;classic&quot;}\">\n\t\t\t<div class=\"elementor-widget-wrap elementor-element-populated\">\n\t\t\t\t\t\t\t\t<div class=\"elementor-element elementor-element-2185a5e6 elementor-widget elementor-widget-spacer\" data-id=\"2185a5e6\" data-element_type=\"widget\" data-widget_type=\"spacer.default\">\n\t\t\t\t<div class=\"elementor-widget-container\">\n\t\t\t<style>\/*! elementor - v3.18.0 - 20-12-2023 *\/\n.elementor-column .elementor-spacer-inner{height:var(--spacer-size)}.e-con{--container-widget-width:100%}.e-con-inner>.elementor-widget-spacer,.e-con>.elementor-widget-spacer{width:var(--container-widget-width,var(--spacer-size));--align-self:var(--container-widget-align-self,initial);--flex-shrink:0}.e-con-inner>.elementor-widget-spacer>.elementor-widget-container,.e-con>.elementor-widget-spacer>.elementor-widget-container{height:100%;width:100%}.e-con-inner>.elementor-widget-spacer>.elementor-widget-container>.elementor-spacer,.e-con>.elementor-widget-spacer>.elementor-widget-container>.elementor-spacer{height:100%}.e-con-inner>.elementor-widget-spacer>.elementor-widget-container>.elementor-spacer>.elementor-spacer-inner,.e-con>.elementor-widget-spacer>.elementor-widget-container>.elementor-spacer>.elementor-spacer-inner{height:var(--container-widget-height,var(--spacer-size))}.e-con-inner>.elementor-widget-spacer.elementor-widget-empty,.e-con>.elementor-widget-spacer.elementor-widget-empty{position:relative;min-height:22px;min-width:22px}.e-con-inner>.elementor-widget-spacer.elementor-widget-empty .elementor-widget-empty-icon,.e-con>.elementor-widget-spacer.elementor-widget-empty .elementor-widget-empty-icon{position:absolute;top:0;bottom:0;left:0;right:0;margin:auto;padding:0;width:22px;height:22px}<\/style>\t\t<div class=\"elementor-spacer\">\n\t\t\t<div class=\"elementor-spacer-inner\"><\/div>\n\t\t<\/div>\n\t\t\t\t<\/div>\n\t\t\t\t<\/div>\n\t\t\t\t\t<\/div>\n\t\t<\/div>\n\t\t\t\t<div class=\"elementor-column elementor-col-50 elementor-top-column elementor-element elementor-element-74aea336\" data-id=\"74aea336\" data-element_type=\"column\">\n\t\t\t<div class=\"elementor-widget-wrap elementor-element-populated\">\n\t\t\t\t\t\t\t\t<div class=\"elementor-element elementor-element-522fc684 elementor-widget-mobile__width-inherit elementor-widget elementor-widget-heading\" data-id=\"522fc684\" data-element_type=\"widget\" data-widget_type=\"heading.default\">\n\t\t\t\t<div class=\"elementor-widget-container\">\n\t\t\t<style>\/*! elementor - v3.18.0 - 20-12-2023 *\/\n.elementor-heading-title{padding:0;margin:0;line-height:1}.elementor-widget-heading .elementor-heading-title[class*=elementor-size-]>a{color:inherit;font-size:inherit;line-height:inherit}.elementor-widget-heading .elementor-heading-title.elementor-size-small{font-size:15px}.elementor-widget-heading .elementor-heading-title.elementor-size-medium{font-size:19px}.elementor-widget-heading .elementor-heading-title.elementor-size-large{font-size:29px}.elementor-widget-heading .elementor-heading-title.elementor-size-xl{font-size:39px}.elementor-widget-heading .elementor-heading-title.elementor-size-xxl{font-size:59px}<\/style><h2 class=\"elementor-heading-title elementor-size-default\">ROBOTOR, integrazione robot industriali<\/h2>\t\t<\/div>\n\t\t\t\t<\/div>\n\t\t\t\t<div class=\"elementor-element elementor-element-a52819f elementor-widget-mobile__width-inherit elementor-widget elementor-widget-text-editor\" data-id=\"a52819f\" data-element_type=\"widget\" data-widget_type=\"text-editor.default\">\n\t\t\t\t<div class=\"elementor-widget-container\">\n\t\t\t<style>\/*! elementor - v3.18.0 - 20-12-2023 *\/\n.elementor-widget-text-editor.elementor-drop-cap-view-stacked .elementor-drop-cap{background-color:#69727d;color:#fff}.elementor-widget-text-editor.elementor-drop-cap-view-framed .elementor-drop-cap{color:#69727d;border:3px solid;background-color:transparent}.elementor-widget-text-editor:not(.elementor-drop-cap-view-default) .elementor-drop-cap{margin-top:8px}.elementor-widget-text-editor:not(.elementor-drop-cap-view-default) .elementor-drop-cap-letter{width:1em;height:1em}.elementor-widget-text-editor .elementor-drop-cap{float:left;text-align:center;line-height:1;font-size:50px}.elementor-widget-text-editor .elementor-drop-cap-letter{display:inline-block}<\/style>\t\t\t\t<p><span class=\"s4\">ROBOTOR \u00e8 specializzato nell\u2019integrazione di robot industriali <\/span><span class=\"s4\">multi-asse per la fresatura della pietra: la soluzione tecnologica pi\u00f9 avanzata per automatizzare il processo produttivo!<\/span><\/p><p>\u00a0<\/p><p>Affrontare la sfida dell\u2019innovazione significa essere pronti ad aprirsi all\u2019automazione, introducendo strumenti tecnologici che si integrano e completano l\u2019insieme delle competenze umane gi\u00e0 presenti, liberano il talento di ogni persona, rispettano l\u2019esperienza e le tradizioni.<\/p><p>\u00a0<\/p><p>I robot di ROBOTOR si inseriscono naturalmente nel flusso operativo dell\u2019azienda eliminando le fasi di lavoro faticose, riducendo i tempi di esecuzione, aumentando produttivit\u00e0 e qualit\u00e0 senza la necessit\u00e0 di competenze specifiche grazie al software di auto-programmazione OR-OS.<\/p>\t\t\t\t\t\t<\/div>\n\t\t\t\t<\/div>\n\t\t\t\t\t<\/div>\n\t\t<\/div>\n\t\t\t\t\t\t\t<\/div>\n\t\t<\/section>\n\t\t<div class=\"elementor-element elementor-element-0904bb7 e-con-full e-flex e-con e-parent\" data-id=\"0904bb7\" data-element_type=\"container\" data-settings=\"{&quot;content_width&quot;:&quot;full&quot;}\" data-core-v316-plus=\"true\">\n\t\t\t\t<div class=\"elementor-element elementor-element-7c7c08e elementor-arrows-position-inside elementor-widget elementor-widget-image-carousel\" data-id=\"7c7c08e\" data-element_type=\"widget\" data-settings=\"{&quot;slides_to_scroll&quot;:&quot;1&quot;,&quot;navigation&quot;:&quot;arrows&quot;,&quot;image_spacing_custom&quot;:{&quot;unit&quot;:&quot;px&quot;,&quot;size&quot;:30,&quot;sizes&quot;:[]},&quot;autoplay&quot;:&quot;yes&quot;,&quot;pause_on_hover&quot;:&quot;yes&quot;,&quot;pause_on_interaction&quot;:&quot;yes&quot;,&quot;autoplay_speed&quot;:5000,&quot;infinite&quot;:&quot;yes&quot;,&quot;speed&quot;:500,&quot;image_spacing_custom_tablet&quot;:{&quot;unit&quot;:&quot;px&quot;,&quot;size&quot;:&quot;&quot;,&quot;sizes&quot;:[]},&quot;image_spacing_custom_mobile&quot;:{&quot;unit&quot;:&quot;px&quot;,&quot;size&quot;:&quot;&quot;,&quot;sizes&quot;:[]}}\" data-widget_type=\"image-carousel.default\">\n\t\t\t\t<div class=\"elementor-widget-container\">\n\t\t\t<style>\/*! elementor - v3.18.0 - 20-12-2023 *\/\n.elementor-widget-image-carousel .swiper,.elementor-widget-image-carousel .swiper-container{position:static}.elementor-widget-image-carousel .swiper-container .swiper-slide figure,.elementor-widget-image-carousel .swiper .swiper-slide figure{line-height:inherit}.elementor-widget-image-carousel .swiper-slide{text-align:center}.elementor-image-carousel-wrapper:not(.swiper-container-initialized):not(.swiper-initialized) .swiper-slide{max-width:calc(100% \/ var(--e-image-carousel-slides-to-show, 3))}<\/style>\t\t<div class=\"elementor-image-carousel-wrapper swiper\" dir=\"ltr\">\n\t\t\t<div class=\"elementor-image-carousel swiper-wrapper\" aria-live=\"off\">\n\t\t\t\t\t\t\t\t<div class=\"swiper-slide\" role=\"group\" aria-roledescription=\"slide\" aria-label=\"1 di 4\"><a data-elementor-open-lightbox=\"yes\" data-elementor-lightbox-slideshow=\"7c7c08e\" data-elementor-lightbox-title=\"fotografie home3\" data-e-action-hash=\"#elementor-action%3Aaction%3Dlightbox%26settings%3DeyJpZCI6OTg4MTkwLCJ1cmwiOiJodHRwczpcL1wvbGl0aXgyLmRldndvcmtzLml0XC93cC1jb250ZW50XC91cGxvYWRzXC8yMDI0XC8wNVwvZm90b2dyYWZpZS1ob21lMy5qcGciLCJzbGlkZXNob3ciOiI3YzdjMDhlIn0%3D\" href=\"https:\/\/litix2.devworks.it\/wp-content\/uploads\/2024\/05\/fotografie-home3.jpg\"><figure class=\"swiper-slide-inner\"><img decoding=\"async\" class=\"swiper-slide-image\" src=\"https:\/\/litix2.devworks.it\/wp-content\/uploads\/2024\/05\/fotografie-home3-1024x1024.jpg\" alt=\"fotografie home3\" \/><\/figure><\/a><\/div><div class=\"swiper-slide\" role=\"group\" aria-roledescription=\"slide\" aria-label=\"2 di 4\"><a data-elementor-open-lightbox=\"yes\" data-elementor-lightbox-slideshow=\"7c7c08e\" data-elementor-lightbox-title=\"fotografie home2\" data-e-action-hash=\"#elementor-action%3Aaction%3Dlightbox%26settings%3DeyJpZCI6OTg4MTg5LCJ1cmwiOiJodHRwczpcL1wvbGl0aXgyLmRldndvcmtzLml0XC93cC1jb250ZW50XC91cGxvYWRzXC8yMDI0XC8wNVwvZm90b2dyYWZpZS1ob21lMi5qcGciLCJzbGlkZXNob3ciOiI3YzdjMDhlIn0%3D\" href=\"https:\/\/litix2.devworks.it\/wp-content\/uploads\/2024\/05\/fotografie-home2.jpg\"><figure class=\"swiper-slide-inner\"><img decoding=\"async\" class=\"swiper-slide-image\" src=\"https:\/\/litix2.devworks.it\/wp-content\/uploads\/2024\/05\/fotografie-home2-1024x1024.jpg\" alt=\"fotografie home2\" \/><\/figure><\/a><\/div><div class=\"swiper-slide\" role=\"group\" aria-roledescription=\"slide\" aria-label=\"3 di 4\"><a data-elementor-open-lightbox=\"yes\" data-elementor-lightbox-slideshow=\"7c7c08e\" data-elementor-lightbox-title=\"fotografie home\" data-e-action-hash=\"#elementor-action%3Aaction%3Dlightbox%26settings%3DeyJpZCI6OTg4MTg4LCJ1cmwiOiJodHRwczpcL1wvbGl0aXgyLmRldndvcmtzLml0XC93cC1jb250ZW50XC91cGxvYWRzXC8yMDI0XC8wNVwvZm90b2dyYWZpZS1ob21lLmpwZyIsInNsaWRlc2hvdyI6IjdjN2MwOGUifQ%3D%3D\" href=\"https:\/\/litix2.devworks.it\/wp-content\/uploads\/2024\/05\/fotografie-home.jpg\"><figure class=\"swiper-slide-inner\"><img decoding=\"async\" class=\"swiper-slide-image\" src=\"https:\/\/litix2.devworks.it\/wp-content\/uploads\/2024\/05\/fotografie-home-1024x1024.jpg\" alt=\"fotografie home\" \/><\/figure><\/a><\/div><div class=\"swiper-slide\" role=\"group\" aria-roledescription=\"slide\" aria-label=\"4 di 4\"><a data-elementor-open-lightbox=\"yes\" data-elementor-lightbox-slideshow=\"7c7c08e\" data-elementor-lightbox-title=\"fotografie home4\" data-e-action-hash=\"#elementor-action%3Aaction%3Dlightbox%26settings%3DeyJpZCI6OTg4MTkxLCJ1cmwiOiJodHRwczpcL1wvbGl0aXgyLmRldndvcmtzLml0XC93cC1jb250ZW50XC91cGxvYWRzXC8yMDI0XC8wNVwvZm90b2dyYWZpZS1ob21lNC5qcGciLCJzbGlkZXNob3ciOiI3YzdjMDhlIn0%3D\" href=\"https:\/\/litix2.devworks.it\/wp-content\/uploads\/2024\/05\/fotografie-home4.jpg\"><figure class=\"swiper-slide-inner\"><img decoding=\"async\" class=\"swiper-slide-image\" src=\"https:\/\/litix2.devworks.it\/wp-content\/uploads\/2024\/05\/fotografie-home4-1024x1024.jpg\" alt=\"fotografie home4\" \/><\/figure><\/a><\/div>\t\t\t<\/div>\n\t\t\t\t\t\t\t\t\t\t\t\t<div class=\"elementor-swiper-button elementor-swiper-button-prev\" role=\"button\" tabindex=\"0\">\n\t\t\t\t\t\t<i aria-hidden=\"true\" class=\"eicon-chevron-left\"><\/i>\t\t\t\t\t<\/div>\n\t\t\t\t\t<div class=\"elementor-swiper-button elementor-swiper-button-next\" role=\"button\" tabindex=\"0\">\n\t\t\t\t\t\t<i aria-hidden=\"true\" class=\"eicon-chevron-right\"><\/i>\t\t\t\t\t<\/div>\n\t\t\t\t\n\t\t\t\t\t\t\t\t\t<\/div>\n\t\t\t\t<\/div>\n\t\t\t\t<\/div>\n\t\t\t\t<\/div>\n\t\t\t\t<section class=\"elementor-section elementor-top-section elementor-element elementor-element-25a5004a elementor-section-items-stretch elementor-section-content-bottom elementor-section-height-min-height elementor-section-boxed elementor-section-height-default\" data-id=\"25a5004a\" data-element_type=\"section\">\n\t\t\t\t\t\t<div class=\"elementor-container elementor-column-gap-no\">\n\t\t\t\t\t<div class=\"elementor-column elementor-col-50 elementor-top-column elementor-element elementor-element-18491900\" data-id=\"18491900\" data-element_type=\"column\">\n\t\t\t<div class=\"elementor-widget-wrap elementor-element-populated\">\n\t\t\t\t\t\t\t\t<div class=\"elementor-element elementor-element-3cb5ddd9 elementor-widget-mobile__width-inherit elementor-widget elementor-widget-heading\" data-id=\"3cb5ddd9\" data-element_type=\"widget\" data-widget_type=\"heading.default\">\n\t\t\t\t<div class=\"elementor-widget-container\">\n\t\t\t<h2 class=\"elementor-heading-title elementor-size-default\">OR-OS \u00e8 il cuore di ROBOTOR<\/h2>\t\t<\/div>\n\t\t\t\t<\/div>\n\t\t\t\t<div class=\"elementor-element elementor-element-5bea2fb4 elementor-widget-mobile__width-inherit elementor-widget elementor-widget-text-editor\" data-id=\"5bea2fb4\" data-element_type=\"widget\" data-widget_type=\"text-editor.default\">\n\t\t\t\t<div class=\"elementor-widget-container\">\n\t\t\t\t\t\t\t<p>OR-OS, il rivoluzionario software di autoprogrammazione per fresatura CNC<\/p>\n<p>Attraverso interfacce intuitive, senza bisogno di competenze specifiche di programmazione, OR-OS consente a tutti di utilizzare il robot anche per realizzare lavori complessi. <br>OR-OS\u00a9 parte da un file 3D e converte automaticamente il modello in percorsi utensili senza l\u2019intervento di un operatore.<\/p>\t\t\t\t\t\t<\/div>\n\t\t\t\t<\/div>\n\t\t\t\t\t<\/div>\n\t\t<\/div>\n\t\t\t\t<div class=\"elementor-column elementor-col-50 elementor-top-column elementor-element elementor-element-fecadf4\" data-id=\"fecadf4\" data-element_type=\"column\" data-settings=\"{&quot;background_background&quot;:&quot;classic&quot;}\">\n\t\t\t<div class=\"elementor-widget-wrap elementor-element-populated\">\n\t\t\t\t\t\t\t\t<div class=\"elementor-element elementor-element-3f5bdd3c elementor-widget elementor-widget-spacer\" data-id=\"3f5bdd3c\" data-element_type=\"widget\" data-widget_type=\"spacer.default\">\n\t\t\t\t<div class=\"elementor-widget-container\">\n\t\t\t\t\t<div class=\"elementor-spacer\">\n\t\t\t<div class=\"elementor-spacer-inner\"><\/div>\n\t\t<\/div>\n\t\t\t\t<\/div>\n\t\t\t\t<\/div>\n\t\t\t\t\t<\/div>\n\t\t<\/div>\n\t\t\t\t\t\t\t<\/div>\n\t\t<\/section>\n\t\t\t\t<section class=\"elementor-section elementor-top-section elementor-element elementor-element-b6a9291 elementor-section-items-stretch elementor-section-content-bottom elementor-section-height-min-height elementor-section-boxed elementor-section-height-default\" data-id=\"b6a9291\" data-element_type=\"section\">\n\t\t\t\t\t\t<div class=\"elementor-container elementor-column-gap-no\">\n\t\t\t\t\t<div class=\"elementor-column elementor-col-50 elementor-top-column elementor-element elementor-element-b9db315\" data-id=\"b9db315\" data-element_type=\"column\" data-settings=\"{&quot;background_background&quot;:&quot;classic&quot;}\">\n\t\t\t<div class=\"elementor-widget-wrap elementor-element-populated\">\n\t\t\t\t\t\t\t\t<div class=\"elementor-element elementor-element-92eeed3 elementor-widget elementor-widget-spacer\" data-id=\"92eeed3\" data-element_type=\"widget\" data-widget_type=\"spacer.default\">\n\t\t\t\t<div class=\"elementor-widget-container\">\n\t\t\t\t\t<div class=\"elementor-spacer\">\n\t\t\t<div class=\"elementor-spacer-inner\"><\/div>\n\t\t<\/div>\n\t\t\t\t<\/div>\n\t\t\t\t<\/div>\n\t\t\t\t\t<\/div>\n\t\t<\/div>\n\t\t\t\t<div class=\"elementor-column elementor-col-50 elementor-top-column elementor-element elementor-element-1e29986\" data-id=\"1e29986\" data-element_type=\"column\">\n\t\t\t<div class=\"elementor-widget-wrap elementor-element-populated\">\n\t\t\t\t\t\t\t\t<div class=\"elementor-element elementor-element-9b736e2 elementor-widget-mobile__width-inherit elementor-widget elementor-widget-heading\" data-id=\"9b736e2\" data-element_type=\"widget\" data-widget_type=\"heading.default\">\n\t\t\t\t<div class=\"elementor-widget-container\">\n\t\t\t<h2 class=\"elementor-heading-title elementor-size-default\">Il sistema ROBOTOR\nnasce da una precisa\nfilosofia di lavoro \n<\/h2>\t\t<\/div>\n\t\t\t\t<\/div>\n\t\t\t\t<div class=\"elementor-element elementor-element-8d44e61 elementor-widget-mobile__width-inherit elementor-widget elementor-widget-text-editor\" data-id=\"8d44e61\" data-element_type=\"widget\" data-widget_type=\"text-editor.default\">\n\t\t\t\t<div class=\"elementor-widget-container\">\n\t\t\t\t\t\t\t<p>Tutto il progetto ROBOTOR\u00a9 nasce da un precisa filosofia\u00a0 \u201cfiglia\u201d di 18 anni di esperienza nella lavorazione delle pietre.<\/p><p>\u00a0<\/p><p>L\u2019utilizzo degli utensili appropriati combinata con l\u2019ottimizzazione dei percorsi di lavoro permettono un utilizzo della macchina senza interruzioni H24, rispondendo alla necessit\u00e0 di avere un preciso controllo dei tempi di lavorazione e di costo. Permette altres\u00ec all\u2019operatore di dedicarsi ad altre mansioni in attesa del completamento dell\u2019opera.<\/p><p>Una filosofia che ha orientato lo sviluppo del sistema nei suoi vari\u00a0 componenti.<\/p>\t\t\t\t\t\t<\/div>\n\t\t\t\t<\/div>\n\t\t\t\t\t<\/div>\n\t\t<\/div>\n\t\t\t\t\t\t\t<\/div>\n\t\t<\/section>\n\t\t\t\t\t\t\t<\/div>\n\t\t","protected":false},"excerpt":{"rendered":"<p>Robot per scolpire<\/p>\n","protected":false},"author":1,"featured_media":0,"parent":542,"menu_order":0,"comment_status":"closed","ping_status":"closed","template":"","meta":{"footnotes":""},"class_list":["post-7171","page","type-page","status-publish","hentry"],"yoast_head":"<!-- This site is optimized with the Yoast SEO plugin v21.9.1 - https:\/\/yoast.com\/wordpress\/plugins\/seo\/ -->\n<title>Robotor - LITIX<\/title>\n<meta name=\"robots\" content=\"index, follow, max-snippet:-1, max-image-preview:large, max-video-preview:-1\" \/>\n<link rel=\"canonical\" href=\"https:\/\/litix2.devworks.it\/?page_id=7171\" \/>\n<meta property=\"og:locale\" content=\"it_IT\" \/>\n<meta property=\"og:type\" content=\"article\" \/>\n<meta property=\"og:title\" content=\"Robotor - LITIX\" \/>\n<meta property=\"og:description\" content=\"Robot per scolpire\" \/>\n<meta property=\"og:url\" content=\"https:\/\/litix2.devworks.it\/?page_id=7171\" \/>\n<meta property=\"og:site_name\" content=\"LITIX\" \/>\n<meta property=\"article:modified_time\" content=\"2024-06-05T09:30:03+00:00\" \/>\n<meta property=\"og:image\" content=\"https:\/\/litix2.devworks.it\/wp-content\/uploads\/2024\/05\/fotografie-home3-1024x1024.jpg\" \/>\n<meta name=\"twitter:card\" content=\"summary_large_image\" \/>\n<meta name=\"twitter:label1\" content=\"Tempo di lettura stimato\" \/>\n\t<meta name=\"twitter:data1\" content=\"4 minuti\" \/>\n<script type=\"application\/ld+json\" class=\"yoast-schema-graph\">{\"@context\":\"https:\/\/schema.org\",\"@graph\":[{\"@type\":\"WebPage\",\"@id\":\"https:\/\/litix2.devworks.it\/?page_id=7171\",\"url\":\"https:\/\/litix2.devworks.it\/?page_id=7171\",\"name\":\"Robotor - LITIX\",\"isPartOf\":{\"@id\":\"https:\/\/litix2.devworks.it\/#website\"},\"datePublished\":\"2023-04-03T13:00:04+00:00\",\"dateModified\":\"2024-06-05T09:30:03+00:00\",\"breadcrumb\":{\"@id\":\"https:\/\/litix2.devworks.it\/?page_id=7171#breadcrumb\"},\"inLanguage\":\"it-IT\",\"potentialAction\":[{\"@type\":\"ReadAction\",\"target\":[\"https:\/\/litix2.devworks.it\/?page_id=7171\"]}]},{\"@type\":\"BreadcrumbList\",\"@id\":\"https:\/\/litix2.devworks.it\/?page_id=7171#breadcrumb\",\"itemListElement\":[{\"@type\":\"ListItem\",\"position\":1,\"name\":\"Home\",\"item\":\"https:\/\/litix2.devworks.it\/\"},{\"@type\":\"ListItem\",\"position\":2,\"name\":\"BUSINESS\",\"item\":\"https:\/\/litix2.devworks.it\/?page_id=542\"},{\"@type\":\"ListItem\",\"position\":3,\"name\":\"Robotor\"}]},{\"@type\":\"WebSite\",\"@id\":\"https:\/\/litix2.devworks.it\/#website\",\"url\":\"https:\/\/litix2.devworks.it\/\",\"name\":\"LITIX\",\"description\":\"\",\"publisher\":{\"@id\":\"https:\/\/litix2.devworks.it\/#organization\"},\"potentialAction\":[{\"@type\":\"SearchAction\",\"target\":{\"@type\":\"EntryPoint\",\"urlTemplate\":\"https:\/\/litix2.devworks.it\/?s={search_term_string}\"},\"query-input\":\"required name=search_term_string\"}],\"inLanguage\":\"it-IT\"},{\"@type\":\"Organization\",\"@id\":\"https:\/\/litix2.devworks.it\/#organization\",\"name\":\"LITIX\",\"url\":\"https:\/\/litix2.devworks.it\/\",\"logo\":{\"@type\":\"ImageObject\",\"inLanguage\":\"it-IT\",\"@id\":\"https:\/\/litix2.devworks.it\/#\/schema\/logo\/image\/\",\"url\":\"https:\/\/litix2.devworks.it\/wp-content\/uploads\/2024\/04\/cropped-logo-LITIX-20242.png\",\"contentUrl\":\"https:\/\/litix2.devworks.it\/wp-content\/uploads\/2024\/04\/cropped-logo-LITIX-20242.png\",\"width\":3508,\"height\":1145,\"caption\":\"LITIX\"},\"image\":{\"@id\":\"https:\/\/litix2.devworks.it\/#\/schema\/logo\/image\/\"}}]}<\/script>\n<!-- \/ Yoast SEO plugin. -->","yoast_head_json":{"title":"Robotor - LITIX","robots":{"index":"index","follow":"follow","max-snippet":"max-snippet:-1","max-image-preview":"max-image-preview:large","max-video-preview":"max-video-preview:-1"},"canonical":"https:\/\/litix2.devworks.it\/?page_id=7171","og_locale":"it_IT","og_type":"article","og_title":"Robotor - LITIX","og_description":"Robot per scolpire","og_url":"https:\/\/litix2.devworks.it\/?page_id=7171","og_site_name":"LITIX","article_modified_time":"2024-06-05T09:30:03+00:00","og_image":[{"url":"https:\/\/litix2.devworks.it\/wp-content\/uploads\/2024\/05\/fotografie-home3-1024x1024.jpg"}],"twitter_card":"summary_large_image","twitter_misc":{"Tempo di lettura stimato":"4 minuti"},"schema":{"@context":"https:\/\/schema.org","@graph":[{"@type":"WebPage","@id":"https:\/\/litix2.devworks.it\/?page_id=7171","url":"https:\/\/litix2.devworks.it\/?page_id=7171","name":"Robotor - LITIX","isPartOf":{"@id":"https:\/\/litix2.devworks.it\/#website"},"datePublished":"2023-04-03T13:00:04+00:00","dateModified":"2024-06-05T09:30:03+00:00","breadcrumb":{"@id":"https:\/\/litix2.devworks.it\/?page_id=7171#breadcrumb"},"inLanguage":"it-IT","potentialAction":[{"@type":"ReadAction","target":["https:\/\/litix2.devworks.it\/?page_id=7171"]}]},{"@type":"BreadcrumbList","@id":"https:\/\/litix2.devworks.it\/?page_id=7171#breadcrumb","itemListElement":[{"@type":"ListItem","position":1,"name":"Home","item":"https:\/\/litix2.devworks.it\/"},{"@type":"ListItem","position":2,"name":"BUSINESS","item":"https:\/\/litix2.devworks.it\/?page_id=542"},{"@type":"ListItem","position":3,"name":"Robotor"}]},{"@type":"WebSite","@id":"https:\/\/litix2.devworks.it\/#website","url":"https:\/\/litix2.devworks.it\/","name":"LITIX","description":"","publisher":{"@id":"https:\/\/litix2.devworks.it\/#organization"},"potentialAction":[{"@type":"SearchAction","target":{"@type":"EntryPoint","urlTemplate":"https:\/\/litix2.devworks.it\/?s={search_term_string}"},"query-input":"required name=search_term_string"}],"inLanguage":"it-IT"},{"@type":"Organization","@id":"https:\/\/litix2.devworks.it\/#organization","name":"LITIX","url":"https:\/\/litix2.devworks.it\/","logo":{"@type":"ImageObject","inLanguage":"it-IT","@id":"https:\/\/litix2.devworks.it\/#\/schema\/logo\/image\/","url":"https:\/\/litix2.devworks.it\/wp-content\/uploads\/2024\/04\/cropped-logo-LITIX-20242.png","contentUrl":"https:\/\/litix2.devworks.it\/wp-content\/uploads\/2024\/04\/cropped-logo-LITIX-20242.png","width":3508,"height":1145,"caption":"LITIX"},"image":{"@id":"https:\/\/litix2.devworks.it\/#\/schema\/logo\/image\/"}}]}},"_links":{"self":[{"href":"https:\/\/litix2.devworks.it\/index.php?rest_route=\/wp\/v2\/pages\/7171","targetHints":{"allow":["GET"]}}],"collection":[{"href":"https:\/\/litix2.devworks.it\/index.php?rest_route=\/wp\/v2\/pages"}],"about":[{"href":"https:\/\/litix2.devworks.it\/index.php?rest_route=\/wp\/v2\/types\/page"}],"author":[{"embeddable":true,"href":"https:\/\/litix2.devworks.it\/index.php?rest_route=\/wp\/v2\/users\/1"}],"replies":[{"embeddable":true,"href":"https:\/\/litix2.devworks.it\/index.php?rest_route=%2Fwp%2Fv2%2Fcomments&post=7171"}],"version-history":[{"count":48,"href":"https:\/\/litix2.devworks.it\/index.php?rest_route=\/wp\/v2\/pages\/7171\/revisions"}],"predecessor-version":[{"id":988672,"href":"https:\/\/litix2.devworks.it\/index.php?rest_route=\/wp\/v2\/pages\/7171\/revisions\/988672"}],"up":[{"embeddable":true,"href":"https:\/\/litix2.devworks.it\/index.php?rest_route=\/wp\/v2\/pages\/542"}],"wp:attachment":[{"href":"https:\/\/litix2.devworks.it\/index.php?rest_route=%2Fwp%2Fv2%2Fmedia&parent=7171"}],"curies":[{"name":"wp","href":"https:\/\/api.w.org\/{rel}","templated":true}]}}